{"id":8,"date":"2017-02-10T17:07:17","date_gmt":"2017-02-10T17:07:17","guid":{"rendered":"http:\/\/www.canxicoy.com\/?page_id=8"},"modified":"2025-07-15T15:24:12","modified_gmt":"2025-07-15T15:24:12","slug":"can-xicoy","status":"publish","type":"page","link":"https:\/\/www.canxicoy.com\/fr\/can-xicoy\/","title":{"rendered":"Can Xicoy"},"content":{"rendered":"<div class=\"maq_contenidor clearfix\">\n<div class=\"maq_col_45\">\n<p><img decoding=\"async\" loading=\"lazy\" class=\"alignnone size-full wp-image-17\" src=\"http:\/\/www.canxicoy.com\/wp-content\/uploads\/2023\/01\/can-xicoy.jpg\" alt=\"Can Xicoy\" width=\"536\" height=\"385\" \/><\/p>\n<p><\/div>\n<div class=\"maq_col_55\">\n<h1>A propos de nous<\/h1>\n<p>Ferran et Adri\u00e0, nous sommes Can Xicoy. Deux fr\u00e8res tr\u00e8s unis, sensibles et courageux, dont arriv\u00e9e le moment, nous avons pris la d\u00e9cision d\u2019unir nos efforts pour dessiner un projet de vie respectueux et ambitieux, et le faire les deux ensemble.<\/p>\n<p>Nous avons des v\u00e9ritables racines au domaine familial de Can Xicoy, puisque les grands- parents avaient d\u00e9j\u00e0 des vaches et des cochons et pendant beaucoup des ann\u00e9es ils on r\u00e9partisse le lait de ses vaches par tout le village.<br \/>\nCes derni\u00e8res ann\u00e9es nous avons regagn\u00e9 l\u2019splendeur de la ferme, et pas satisfaits avec \u00e7a nous travaillons pour un produit vrai et l\u00e9gitime. Pour cette raison nous avons construit notre propre fromagerie o\u00f9 nous travaillons chaque jour en \u00e9laborant fromages avec le lait de notre propre troupeau.<\/p>\n<p><\/div>\n<p><\/div><div class=\"maq_contenidor clearfix\">\n<div class=\"maq_col_45\">\n<img decoding=\"async\" class=\"alignnone size-full wp-image-17\" src=\"http:\/\/www.canxicoy.com\/wp-content\/uploads\/2023\/01\/vaques-1.jpeg\" alt=\"Vaques Can Xicoy\" \/><\/p>\n<p><\/div>\n<div class=\"maq_col_55\">\n<h2>Ce que nous faisons<\/h2>\n<p>Depuis la ferme- fromagerie Can Xicoy, nous travaillons chaque jour avec la plus grande rigueur et tr\u00e8s s\u00e9rieux pour r\u00e9ussir des produits d\u2019une tr\u00e8s grande qualit\u00e9, produits du terroir et respectueux avec l\u2019environnement.<\/p>\n<p>Nous avons un troupeau d\u2019environ 400 ch\u00e8vres de la race Murciano-Granadina, que nous trayons chaque jour pour qu\u2019elles nous donnent un lait excellente qui mous permet d\u2019\u00e9laborer des exquis fromages.<\/p>\n<p>Nous travaillons pour entretenir le domaine que nous avons h\u00e9rit\u00e9 de nos anc\u00eatres, pour pouvoir grandir dans les valeurs et dans le respect pour l\u2019environnement, et ainsi pouvoir en sortir des majestueux fruits, pleins de vie et de futur.<\/p>\n<p><\/div>\n<p><\/div><\/p>","protected":false},"excerpt":{"rendered":"","protected":false},"author":1,"featured_media":0,"parent":0,"menu_order":0,"comment_status":"closed","ping_status":"closed","template":"maqueta-flexible.php","meta":{"_mc_calendar":[]},"_links":{"self":[{"href":"https:\/\/www.canxicoy.com\/fr\/wp-json\/wp\/v2\/pages\/8"}],"collection":[{"href":"https:\/\/www.canxicoy.com\/fr\/wp-json\/wp\/v2\/pages"}],"about":[{"href":"https:\/\/www.canxicoy.com\/fr\/wp-json\/wp\/v2\/types\/page"}],"author":[{"embeddable":true,"href":"https:\/\/www.canxicoy.com\/fr\/wp-json\/wp\/v2\/users\/1"}],"replies":[{"embeddable":true,"href":"https:\/\/www.canxicoy.com\/fr\/wp-json\/wp\/v2\/comments?post=8"}],"version-history":[{"count":27,"href":"https:\/\/www.canxicoy.com\/fr\/wp-json\/wp\/v2\/pages\/8\/revisions"}],"predecessor-version":[{"id":357,"href":"https:\/\/www.canxicoy.com\/fr\/wp-json\/wp\/v2\/pages\/8\/revisions\/357"}],"wp:attachment":[{"href":"https:\/\/www.canxicoy.com\/fr\/wp-json\/wp\/v2\/media?parent=8"}],"curies":[{"name":"wp","href":"https:\/\/api.w.org\/{rel}","templated":true}]}}

<div class="maq_contenidor clearfix">
<div class="maq_col_45">
<p><img decoding="async" loading="lazy" class="alignnone size-full wp-image-17" src="http://www.canxicoy.com/wp-content/uploads/2023/01/can-xicoy.jpg" alt="Can Xicoy" width="536" height="385" /></p>
<p></div>
<div class="maq_col_55">
<h1>A propos de nous</h1>
<p>Ferran et Adrià, nous sommes Can Xicoy. Deux frères très unis, sensibles et courageux, dont arrivée le moment, nous avons pris la décision d’unir nos efforts pour dessiner un projet de vie respectueux et ambitieux, et le faire les deux ensemble.</p>
<p>Nous avons des véritables racines au domaine familial de Can Xicoy, puisque les grands- parents avaient déjà des vaches et des cochons et pendant beaucoup des années ils on répartisse le lait de ses vaches par tout le village.<br />
Ces dernières années nous avons regagné l’splendeur de la ferme, et pas satisfaits avec ça nous travaillons pour un produit vrai et légitime. Pour cette raison nous avons construit notre propre fromagerie où nous travaillons chaque jour en élaborant fromages avec le lait de notre propre troupeau.</p>
<p></div>
<p></div><div class="maq_contenidor clearfix">
<div class="maq_col_45">
<img decoding="async" class="alignnone size-full wp-image-17" src="http://www.canxicoy.com/wp-content/uploads/2023/01/vaques-1.jpeg" alt="Vaques Can Xicoy" /></p>
<p></div>
<div class="maq_col_55">
<h2>Ce que nous faisons</h2>
<p>Depuis la ferme- fromagerie Can Xicoy, nous travaillons chaque jour avec la plus grande rigueur et très sérieux pour réussir des produits d’une très grande qualité, produits du terroir et respectueux avec l’environnement.</p>
<p>Nous avons un troupeau d’environ 400 chèvres de la race Murciano-Granadina, que nous trayons chaque jour pour qu’elles nous donnent un lait excellente qui mous permet d’élaborer des exquis fromages.</p>
<p>Nous travaillons pour entretenir le domaine que nous avons hérité de nos ancêtres, pour pouvoir grandir dans les valeurs et dans le respect pour l’environnement, et ainsi pouvoir en sortir des majestueux fruits, pleins de vie et de futur.</p>
<p></div>
<p></div></p>
